0192 (base 11) to base 14.
12133
Convert 9b7242 (base 13) to base 15.
4c7d1e
-1000100011010111 (base 2) to base 10
-35031
Convert 1e77e (base 15) to base 8.
302361
-175245 (base 9) to base 5
-11440244
-12000353 (base 6) to base 8
-1331215
Convert 226285 (base 10) to base 14.
5c673
2d8821 (base 15) to base 12
8a454a
Convert -1010010001001 (base 3) to base 4.
-2100231001
What is -10001001101000011010001 (base 2) in base 4?
-101031003101
What is -6224134 (base 8) in base 13?
-4595a7
4243a7 (base 11) to base 4
2211311322
Convert 251445044 (base 6) to base 14.
900d00
Convert 111010010110010110 (base 2) to base 3.
110010211210
What is -14b8a3 (base 14) in base 15?
-e4508
Convert 128290 (base 11) to base 12.
9860a
What is -11011200111220 (base 3) in base 8?
-10354011
Convert 1111010303 (base 4) to base 9.
581005
Convert 12013203332 (base 4) to base 15.
21a328
Convert 49675 (base 11) to base 15.
1621b
1001011000011110010000 (base 2) to base 7
26622442
What is -23144351 (base 6) in base 13?
-1bcb8c
-1422040514 (base 6) to base 4
-1002211121332
Convert 884302 (base 9) to base 8.
2007251
-273066 (base 8) to base 15
-1d5b8
-e643 (base 15) to base 9
-73670
Convert 110000110110010010101 (base 2) to base 10.
1600661
186303 (base 14) to base 6
30251411
What is -1111111001000001 (base 2) in base 12?
-31801
What is -247313 (base 8) in base 13?
-3001b
What is -622017 (base 9) in base 5?
-43301030
Convert 20023621 (base 7) to base 10.
1653226
-11847170 (base 9) to base 15
-79de13
What is -1303313230 (base 4) in base 5?
-110141404
-110120110212002 (base 3) to base 6
-355114432
What is 5003432 (base 8) in base 2?
101000000011100011010
2521361 (base 7) to base 14
86468
What is -16b8173 (base 12) in base 16?
-4809e7
What is 111011211001002 (base 3) in base 14?
d04444
Convert -45601643 (base 7) to base 6.
-221220035
b2a61a (base 12) to base 4
22222303312
What is 6303326 (base 7) in base 3?
1102111002222
What is -1736016 (base 10) in base 8?
-6476520
Convert -62459 (base 12) to base 6.
-2430553
What is 1254004 (base 7) in base 3?
22100211221
What is 10123001110 (base 4) in base 6?
40502524
-819c75 (base 13) to base 14
-588c38
-20532485 (base 9) to base 12
-3387205
What is -21302100220 (base 4) in base 15?
-35a0aa
What is 29dc7 (base 15) in base 2?
100000111001010001
What is 11011001001101100 (base 2) in base 14?
2c75a
-651050 (base 12) to base 16
-1863fc
-5a4400 (base 12) to base 10
-1459008
What is -7d4d7 (base 16) in base 7?
-4235216
What is -303121333 (base 5) in base 7?
-13253412
-714362 (base 8) to base 15
-49cc7
What is 10100111111110101 (base 2) in base 16?
14ff5
What is 478b (base 16) in base 13?
844b
Convert -1414044214 (base 5) to base 4.
-31331120231
Convert 1385232 (base 14) to base 11.
53848a4
Convert -15f4f (base 16) to base 3.
-11120100221
Convert -11020230130 (base 4) to base 12.
-54b164
1216805 (base 11) to base 16
204e8f
What is -16b97e (base 15) in base 7?
-12240656
-150a623 (base 11) to base 4
-21320202131
Convert 408954 (base 14) to base 15.
2ce70b
Convert -2111302013 (base 4) to base 16.
-95c87
Convert -2175701 (base 12) to base 6.
-344352401
What is 1344306 (base 7) in base 9?
302730
What is -14948b3 (base 14) in base 15?
-d34902
-12164261 (base 7) to base 16
-10a7ef
What is 100100000000111110100 (base 2) in base 7?
13013444
Convert 2422e (base 16) to base 13.
524a9
What is -8899b (base 13) in base 6?
-5150453
-2441442240 (base 5) to base 15
-79c1ea
Convert -111000110011000101 (base 2) to base 4.
-320303011
c1080 (base 15) to base 13
185148
Convert 412410312 (base 5) to base 12.
6931b6
Convert -1022312101 (base 4) to base 7.
-2414545
Convert -10001001111001110101 (base 2) to base 8.
-2117165
a19e (base 15) to base 9
51725
What is -4058411 (base 11) in base 12?
-2499795
Convert 220210304 (base 5) to base 6.
32124250
What is -b57bd (base 14) in base 4?
-1222321023
What is 12011203 (base 4) in base 11?
17805
-610be (base 15) to base 12
-129a08
8628456 (base 9) to base 8
21511377
Convert 240104130 (base 6) to base 7.
53100405
-823465 (base 9) to base 2
-1110111001010010100
-eb79 (base 16) to base 9
-101618
What is -a062a (base 11) in base 7?
-1152030
-85300 (base 10) to base 11
-590a6
What is 10012010121 (base 3) in base 12?
30407
2313123233 (base 4) to base 6
24034235
Convert 169963 (base 14) to base 11.
4a3217
968624 (base 10) to base 13
27bb67
-161551 (base 16) to base 6
-51004121
13650633 (base 8) to base 7
35234026
What is 31221001030 (base 4) in base 7?
42252214
Convert 240672 (base 12) to base 5.
122102213
What is a6cb5 (base 13) in base 15?
5e298
-760b0 (base 13) to base 11
-136246
Convert 1111705 (base 9) to base 11.
379607
What is -1096 (base 10) in base 4?
-101020
4104063 (base 7) to base 13
141657
Convert 322020013323 (base 4) to base 7.
243342366
What is -100111112221 (base 3) in base 14?
-4c231
-1011011101110001001011 (base 2) to base 3
-12122200210101
Convert -12133110333 (base 4) to base 5.
-413414213
Convert 925c82 (base 13) to base 16.
340fa6
-b27c5 (base 13) to base 5
-40214114
What is -79adbd (base 14) in base 13?
-b1c8cb
Convert -23014211 (base 5) to base 7.
-1510434
What is -2103001211 (base 4) in base 15?
-bd678
Convert 1063599 (base 10) to base 11.
667109
What is -4a96607 (base 11) in base 12?
-2b6218a
What is -1b691 (base 16) in base 3?
-12201000021
Convert 10444211 (base 5) to base 14.
261d7
7bbb5 (base 16) to base 9
852176
What is 21476 (base 15) in base 3?
12100220110
34b2230 (base 12) to base 6
1002145300
Convert -222321231 (base 4) to base 16.
-2ae6d
What is 10b906 (base 13) in base 6?
12301523
What is 684225 (base 13) in base 12?
9aa8a3
87a32 (base 11) to base 5
13041230
Convert -9c397 (base 14) to base 6.
-12044241
-12010423 (base 5) to base 10
-110113
What is 3ba49 (base 12) in base 3?
11012110110
Convert 91a710 (base 13) to base 16.
33c754
What is 1787561 (base 9) in base 13?
2915c2
4007255 (base 9) to base 6
113402035
What is -628523 (base 9) in base 13?
-101112
-3c8814 (base 15) to base 3
-12111001212101
Convert -11726023 (base 10) to base 14.
-17b3491
What is 3ff68f (base 16) in base 2?
1111111111011010001111
What is 8889176 (base 10) in base 3?
121201121122202
What is 7ee18e (base 16) in base 10?
8315278
Convert 43310135 (base 8) to base 9.
18410340
-425620 (base 7) to base 6
-1330501
What is 46663 (base 12) in base 6?
2004203
-433b7 (base 14) to base 5
-20201040
Convert 18c6ee (base 15) to base 5.
302101244
Convert -1082669 (base 10) to base 3.
-2001000010212
-b1501 (base 12) to base 8
-702221
2222440 (base 9) to base 8
4437620
1297830 (base 10) to base 14
25ad82
-17c294 (base 15) to base 7
-12546610
116543 (base 7) to base 10
21542
What is -1ab9aa9 (base 12) in base 15?
-77ea16
Convert -a36dc (base 15) to base 11.
-324148
1574a (base 11) to base 4
11122311
What is 222200200 (base 3) in base 5?
1110313
Convert -33002244 (base 5) to base 7.
-2251626
What is -c5e555 (base 16) in base 8?
-61362525
9a838 (base 14) to base 16
5b812
1112220231 (base 4) to base 14
93473
10220022002100 (base 3) to base 11
1196201
What is -3814260 (base 11) in base 6?
-353543420
Convert 179ac (base 14) to base 9.
100605
Convert 6a139a (base 11) to base 15.
170364
What is -134357 (base 11) in base 14?
-56b19
What is 172b0c (base 13) in base 7?
4623426
-254b768 (base 12) to base 4
-123322322000
What is 106342 (base 8) in base 4?
20303202
Convert -b0453 (base 12) to base 10.
-228735
Convert 5558a96 (base 11) to base 2.
100101001011111100000100
Convert -31323120000 (base 4) to base 3.
-20212111022220
312115421 (base 6) to base 11
3073a2a
What is -4a647 (base 12) in base 7?
-600610
What is 424005332 (base 6) in base 5?
3402404133
What is 272e4 (base 16) in base 11?
aa635
5252271 (base 8) to base 12
574bb5
-10000011110100011 (base 2) to base 7
-400524
What is 12202220112100 (base 3) in base 10?
3068748
What is 10001011110000011110001 (base 2) in base 10?
4579569
Convert -224515425 (base 6) to base 7.
-50151542
Convert -211000002200 (base 3) to base 5.
-102324343
What is -2715543 (base 9) in base 8?
-5530033
-344545 (base 8) to base 16
-1c965
342747 (base 10) to base 12
146423
19054 (base 15) to base 14
21795
What is -90908 (base 11) in base 8?
-403402
Convert 20244112 (base 5) to base 2.
101000011010011100
Convert 11534 (base 11) to base 